{"id":16,"date":"2011-06-20T01:55:48","date_gmt":"2011-06-19T23:55:48","guid":{"rendered":"http:\/\/skradzionymotocykl.pl\/baza\/?page_id=16"},"modified":"2020-05-04T22:26:27","modified_gmt":"2020-05-04T20:26:27","slug":"zglos-kradziez","status":"publish","type":"page","link":"http:\/\/skradzionymotocykl.pl\/baza\/zglos-kradziez\/","title":{"rendered":"ZG\u0141O\u015a KRADZIE\u017b"},"content":{"rendered":"<p>Przed wys\u0142aniem zg\u0142oszenia zapoznaj si\u0119 z <a title=\"regulamin portalu\" href=\"http:\/\/skradzionymotocykl.pl\/baza\/regulamin\/\">regulaminem<\/a> portalu.<\/p>\n<div id=\"usermessagea\" class=\"cf_info \"><\/div><form enctype=\"multipart\/form-data\" action=\"\/baza\/wp-json\/wp\/v2\/pages\/16#usermessagea\" method=\"post\" class=\"cform cformsdirect zg%c5%82oszenie-kradzie%c5%bcy \" id=\"cformsform\"><ol class=\"cf-ol\"><li id=\"li--1\" class=\"\"><label id=\"label--1\" for=\"cf_field_1\"><span>marka motocykla: <\/span><\/label><input type=\"text\" name=\"cf_field_1\" id=\"cf_field_1\" class=\"single fldrequired\" value=\"\" title=\"\"\/><span class=\"reqtxt\">(required)<\/span><\/li><li id=\"li--2\" class=\"\"><label id=\"label--2\" for=\"cf_field_2\"><span>model motocykla:<\/span><\/label><input type=\"text\" name=\"cf_field_2\" id=\"cf_field_2\" class=\"single fldrequired\" value=\"\" title=\"\"\/><span class=\"reqtxt\">(required)<\/span><\/li><li id=\"li--3\" class=\"\"><label id=\"label--3\" for=\"cf_field_3\"><span>rok produkcji: <\/span><\/label><input type=\"text\" name=\"cf_field_3\" id=\"cf_field_3\" class=\"single fldrequired\" value=\"\" title=\"\"\/><span class=\"reqtxt\">(required)<\/span><\/li><li id=\"li--4\" class=\"\"><label id=\"label--4\" for=\"cf_field_4\"><span>nr vin:<\/span><\/label><input type=\"text\" name=\"cf_field_4\" id=\"cf_field_4\" class=\"single fldrequired\" value=\"\" title=\"\"\/><span class=\"reqtxt\">(required)<\/span><\/li><li id=\"li--5\" class=\"\"><label id=\"label--5\" for=\"cf_field_5\"><span>nr rejestracji:<\/span><\/label><input type=\"text\" name=\"cf_field_5\" id=\"cf_field_5\" class=\"single fldrequired\" value=\"\" title=\"\"\/><span class=\"reqtxt\">(required)<\/span><\/li><li id=\"li--6\" class=\"\"><label id=\"label--6\" for=\"cf_field_6\"><span>data kradzie\u017cy:<\/span><\/label><input type=\"text\" name=\"cf_field_6\" id=\"cf_field_6\" class=\"single fldrequired\" value=\"\" title=\"\"\/><span class=\"reqtxt\">(required)<\/span><\/li><li id=\"li--7\" class=\"\"><label id=\"label--7\" for=\"cf_field_7\"><span>miejscowo\u015b\u0107:<\/span><\/label><input type=\"text\" name=\"cf_field_7\" id=\"cf_field_7\" class=\"single fldrequired\" value=\"\" title=\"\"\/><span class=\"reqtxt\">(required)<\/span><\/li><li id=\"li--8\" class=\"\"><label id=\"label--8\" for=\"cf_field_8\"><span>wojew\u00f3dztwo:<\/span><\/label><input type=\"text\" name=\"cf_field_8\" id=\"cf_field_8\" class=\"single fldrequired\" value=\"\" title=\"\"\/><span class=\"reqtxt\">(required)<\/span><\/li><li id=\"li--9\" class=\"\"><label id=\"label--9\" for=\"cf_field_9\"><span>znaki szczeg\u00f3lne, opis zdarzenia: <\/span><\/label><textarea cols=\"30\" rows=\"8\" name=\"cf_field_9\" id=\"cf_field_9\" class=\"area fldrequired\" title=\"\"><\/textarea><span class=\"reqtxt\">(required)<\/span><\/li><li id=\"li--10\" class=\"textonly\">Poni\u017csze dane nie b\u0119d\u0105 publikowane i s\u0105 wy\u0142\u0105cznie do wiadomo\u015bci redakcji.<\/li><li id=\"li--11\" class=\"\"><label id=\"label--11\" for=\"cf_field_11\"><span>imi\u0119<\/span><\/label><input type=\"text\" name=\"cf_field_11\" id=\"cf_field_11\" class=\"single fldrequired\" value=\"\" title=\"\"\/><span class=\"reqtxt\">(required)<\/span><\/li><li id=\"li--12\" class=\"\"><label id=\"label--12\" for=\"cf_field_12\"><span>nr telefonu<\/span><\/label><input type=\"text\" name=\"cf_field_12\" id=\"cf_field_12\" class=\"single fldrequired\" value=\"\" title=\"\"\/><span class=\"reqtxt\">(required)<\/span><\/li><li id=\"li--13\" class=\"\"><label id=\"label--13\" for=\"cf_field_13\"><span>e-mail<\/span><\/label><input type=\"text\" name=\"cf_field_13\" id=\"cf_field_13\" class=\"single fldrequired\" value=\"\" title=\"\"\/><span class=\"reqtxt\">(required)<\/span><\/li><li id=\"li--14\" class=\"textonly\">Je\u015bli zapozna\u0142e\u015b si\u0119 z regulaminem oraz obowi\u0105zuj\u0105ca polityk\u0105 RODO zaznacz poni\u017csze pola.<\/li><li id=\"li--15\" class=\"\"><label id=\"label--15\" for=\"cf_field_15\" class=\"cf-before\"><span>Wyra\u017cam zgod\u0119 na wykorzystanie moich danych zgodnie z obowi\u0105zuj\u0105c\u0105 polityk\u0105 prawa RODO<\/span><\/label><input type=\"checkbox\" name=\"cf_field_15\" id=\"cf_field_15\" class=\"cf-box-b fldrequired\" title=\"\"\/><\/li><li id=\"li--16\" class=\"\"><label id=\"label--16\" for=\"cf_field_16\" class=\"cf-before\"><span>O\u015bwiadczam \u017ce zapozna\u0142am\/em si\u0119 z regulaminem oraz z polityk\u0105 coocies<\/span><\/label><input type=\"checkbox\" name=\"cf_field_16\" id=\"cf_field_16\" class=\"cf-box-b fldrequired\" title=\"\"\/><\/li><li id=\"li--17\" class=\"\"><label id=\"label--17\" for=\"cf_uploadfile-17\"><span>dodaj zdj\u0119cie nr.1<\/span><\/label><input type=\"file\" name=\"cf_uploadfile[]\" id=\"cf_uploadfile-17\" class=\"cf_upload upload\" title=\"\"\/><\/li><li id=\"li--18\" class=\"\"><label id=\"label--18\" for=\"cf_uploadfile-18\"><span>dodaj zdj\u0119cie nr.2<\/span><\/label><input type=\"file\" name=\"cf_uploadfile[]\" id=\"cf_uploadfile-18\" class=\"cf_upload upload\" title=\"\"\/><\/li><\/ol><fieldset class=\"cf_hidden\"><legend>&nbsp;<\/legend><input type=\"hidden\" name=\"cf_working\" id=\"cf_working\" value=\"<span>poczekaj<\/span>\"\/><input type=\"hidden\" name=\"cf_failure\" id=\"cf_failure\" value=\"<span>Prosz\u0119 wype\u0142ni\u0107 wszystkie wymagane pola<\/span>\"\/><input type=\"hidden\" name=\"cf_customerr\" id=\"cf_customerr\" value=\"y\"\/><\/fieldset><p class=\"cf-sb\"><input type=\"submit\" name=\"sendbutton\" id=\"sendbutton\" class=\"sendbutton\" value=\"wy\u015blij\" \/><\/p><\/form>\n","protected":false},"excerpt":{"rendered":"<p>Przed wys\u0142aniem zg\u0142oszenia zapoznaj si\u0119 z regulaminem portalu.<\/p>\n","protected":false},"author":1,"featured_media":0,"parent":0,"menu_order":0,"comment_status":"closed","ping_status":"open","template":"","meta":[],"_links":{"self":[{"href":"http:\/\/skradzionymotocykl.pl\/baza\/wp-json\/wp\/v2\/pages\/16"}],"collection":[{"href":"http:\/\/skradzionymotocykl.pl\/baza\/wp-json\/wp\/v2\/pages"}],"about":[{"href":"http:\/\/skradzionymotocykl.pl\/baza\/wp-json\/wp\/v2\/types\/page"}],"author":[{"embeddable":true,"href":"http:\/\/skradzionymotocykl.pl\/baza\/wp-json\/wp\/v2\/users\/1"}],"replies":[{"embeddable":true,"href":"http:\/\/skradzionymotocykl.pl\/baza\/wp-json\/wp\/v2\/comments?post=16"}],"version-history":[{"count":20,"href":"http:\/\/skradzionymotocykl.pl\/baza\/wp-json\/wp\/v2\/pages\/16\/revisions"}],"predecessor-version":[{"id":1988,"href":"http:\/\/skradzionymotocykl.pl\/baza\/wp-json\/wp\/v2\/pages\/16\/revisions\/1988"}],"wp:attachment":[{"href":"http:\/\/skradzionymotocykl.pl\/baza\/wp-json\/wp\/v2\/media?parent=16"}],"curies":[{"name":"wp","href":"https:\/\/api.w.org\/{rel}","templated":true}]}}